 2*i, 0 = -5*a + i + 10 + u. Let p(q) = a + 4*q - 6 + 4 - 3*q. Determine p(-3).
-1
Suppose -21*h = -34*h + 52. Let p(b) = -b**2 - b + 5. Give p(h).
-15
Let g(j) = 7*j - 5. Let i(k) = -k - 1. Let d(f) = -2*f. Let n(r) = -d(r) + i(r). Let q(t) = -g(t) + 6*n(t). Determine q(6).
-7
Let l = 77 + -70. Suppose -3*g - 3*i + l*i - 11 = 0, -4*i + 14 = -2*g. Let n(t) = -9*t + 4. Give n(g).
-23
Let l(r) = r**3 + 5*r**2 + 2*r - 3. Suppose -5*q - 25 = 0, -2*o + 7 = -4*q - 3. Let k = o - -9. Suppose -3*y = 4*m + 5, k*y - 5*y = 3*m. What is l(y)?
9
Suppose 7*g = 15 - 8. Let y(l) = -2*l**2 - 1. Let d be y(g). Let t(n) = -n**3 - 4*n**2 - 3*n + 4. Determine t(d).
4
Let i(t) = -6 + 20*t**2 + 19*t**2 - 53*t**2 - 2*t + t**3 - 3*t + 22*t**2. What is i(-8)?
34
Let p(u) be the second derivative of -2*u**3/3 + 11*u**2 + 237*u. Calculate p(7).
-6
Let g(z) be the first derivative of -z**4/4 + 2*z**3/3 + 4*z - 67. Calculate g(3).
-5
Let s(z) = 16*z**3 - 2*z + 13*z**3 + 19*z**3 + 21*z**3 + 3 - 63*z**3. Give s(2).
47
Suppose q = 4*u - 201, 202 = 4*u + q - 3*q. Suppose 0 = 5*t - 10 + u. Let r be (t/(-32))/(1/(-4)). Let b(c) = 7*c**2 + c + 1. Determine b(r).
7
Let o(a) = -a**2 + 5*a + 2. Suppose 0 = 5*l + c - 23, -4*c - 5 = 3*l - 29. Give o(l).
6
Let a(t) = -11*t**2 + 4*t + 1. Let o(c) = -9*c**2 + 5*c. Let y(s) = -4*a(s) + 5*o(s). Determine y(8).
4
Let h(v) = v**2 - 12*v + 1. Let i(l) = 13*l - 196. Let z be i(16). What is h(z)?
1
Let h(o) = -o**3 + 2*o**2 - 1. Let j be h(0). Let r(i) = -31*i - 1. Give r(j).
30
Suppose -4*u = 3*u. Let p(z) = u*z - 6*z - 9 + 5*z. Calculate p(-6).
-3
Let f(b) be the second derivative of b**5/20 + 3*b**4/4 - 2*b**3 - 13*b**2/2 + 55*b. What is f(-10)?
7
Let d(c) = -c**2 - 14*c - 36. Let f be d(-11). Suppose 2*w + 0 + 2 = 0. Let r be ((-2)/(-6))/(w/f). Let b(a) = -8*a**2 + 1. What is b(r)?
-7
Let u(f) = f**3 + 10. Suppose a + 2*g = 3*a + 10, 0 = 2*a - 6*g + 30. What is u(a)?
10
Let x(n) = n**2 - 7*n + 4. Suppose -3*p - o = 20, -3*p = 5*o - o + 26. Let q be (-2)/p + 240/36. Calculate x(q).
4
Let a(h) = -h**3 - 1. Let u = -11 + 16. Let l(x) = -7*x**3 - x**2 - 2*x - 5. Let b(f) = u*a(f) - l(f). Give b(-2).
-16
Let x be 12/2 + 2*-2. Let a(m) = 2 - 47*m**2 + 44*m**2 - 3. Calculate a(x).
-13
Let m(l) = -l + 1. Suppose -12*o - 12*o + 264 = 0. Give m(o).
-10
Let o(q) = q**3 + 7*q**2 + 13*q. Let t be o(-3). Let z(h) = -h - 8. Determine z(t).
-5
Let l(h) = h**2 - 8*h + 7. Let v = -22 - -36. Let t = -11 + v. Suppose 3*i + i - 17 = -t*r, -4*r + 2*i = -30. What is l(r)?
0
Let f(q) = -q**3 - 7*q**2 + 9. Let y be f(-7). Suppose n = 3*u - 7, 0 = -4*n - n + 2*u - y. Let k(h) = 1 + 2*h + 0*h - h. Determine k(n).
0
Let z = -133 - -70. Let n = z + 61. Let g(y) = -3*y**2 + 2*y + 3. What is g(n)?
-13
Let m(q) = -6*q + 1. Let v be ((-42)/(-8))/(18/48). Let h = 20 - v. Suppose w = -2*i - 0*w - h, 0 = -3*i - 4*w - 14. Give m(i).
13
Let q(n) = n**2 - 4*n + 1. Let r be q(4). Let i(j) = 4*j**3 + 3*j**2 - j - 1. Let u(p) = -p**3 + p - 1. Let c(v) = r*i(v) + 3*u(v). Let s = 6 - 9. What is c(s)?
-10
Suppose -25*j = -3*j - 22. Let v(k) = -37*k + 1. Determine v(j).
-36
Let x(r) be the second derivative of r**8/6720 + r**7/840 - r**6/180 + r**5/24 - 25*r**4/12 - 5*r. Let q(d) be the third derivative of x(d). Determine q(-4).
5
Let j(o) = o + 11. Let a(m) = m - 24. Let f(l) = -a(l) - 3*j(l). Calculate f(-3).
3
Let w(u) = 5*u - 4. Let g be w(4). Suppose -g = 5*j + 4. Let c(x) = -3*x**2 + 100*x + 3 - 96*x + 4*x**2 + 1. Determine c(j).
4
Let d(n) = -n**3 + 32*n**2 - 8*n - 10. Let z be d(30). Let s(y) = z*y**2 + 2*y - 1 - 1551*y**2 - 7*y. Determine s(-5).
-1
Suppose 17 - 129 = 14*w. Let q(j) = 4*j + 35. Give q(w).
3
Let l(o) be the first derivative of -3*o**2/2 - 2*o - 412. Suppose 2*v + 15 = -q, 3*v = v - 4*q - 18. Let p = v - -2. Determine l(p).
13
Let j be (-1)/(3 - 20/6). Let o(l) be the first derivative of -l**3/6 + l**2/2 - l + 4. Let r(k) be the first derivative of o(k). Give r(j).
-2
Let l be (-12)/(-8) - 2/(-4). Let q(i) = i - 3 + 35*i**2 + 0 - 36*i**l - 9*i. Give q(-7).
4
Let h(z) be the second derivative of 11*z**3/3 + 90*z + 1. Determine h(1).
22
Let p(l) = -l**3 - l**2 + l. Let x = -11 - -14. Suppose 0 = -2*y - 8, x*q + 3*y + 10 = 1. Give p(q).
-1
Let x(r) = r - 6. Let j(h) = h + 2. Let f be j(0). Suppose -2*y = 6*o - 2*o - 4, 3*y = -4*o + 4. Suppose f*n - n = y. What is x(n)?
-6
Suppose -5 = 4*f - 1, -5*f + 9 = -2*y. Let c(p) = -p**3 - 7*p**2 + p + 5. Let b(x) = x**3 + 7*x**2 - x - 6. Let v(q) = 4*b(q) + 3*c(q). What is v(y)?
-2
Let z(a) = 13*a + 11. Let v(u) = 4*u + 3. Let k(p) = 14*v(p) - 4*z(p). Let i = 11 + -8. Give k(i).
10
Let a be (0 + 10)/(4 + -3). Let n = a - 15. Let t(w) = 2*w**2 + w**3 + 5*w + 3*w**2 - 1 + 3*w**2 - 2*w**2. Determine t(n).
-1
Let v(r) = -4*r - 34. Let f be v(-11). Let t(z) = f + 13*z - 35*z + 11*z + 13*z. What is t(-7)?
-4
Let n be (3 - (-60)/(-18))*(0 + 0). Let t(s) = 5*s + 6 + 2*s + s + n + s**2. Calculate t(-6).
-6
Let q(i) = i**3 + i**2 - 3*i - 4. Let t = 182 + -184. Determine q(t).
-2
Let s be (-4)/(-18) - 160/(-9). Suppose -4*m + 18 + s = 0. Let f(t) = -t - 1 + m + 1 - 1. Determine f(4).
4
Let r(w) = -3*w**3 - w - 1. Let z = 545 - 546. Determine r(z).
3
Let y(x) = -2*x - 1. Let k = 10 + -13. Let m(v) = v**2 + 3*v + 4. Let r be m(k). Give y(r).
-9
Suppose -17949 = -4*t - u, 11498 + 1972 = 3*t - 2*u. Let v(a) = 0*a - 4489 + t + 2*a**2 - a - a**3. Calculate v(3).
-13
Suppose -9*k + 30 = -15. Suppose 5*i = 3*r + 78 - 18, -k*i - r + 40 = 0. Let n(j) = 2*j - 7. Give n(i).
11
Let w(z) = 9*z**2 + z + 1. Suppose 3*s - 5*a - 17 = 6, -27 = -5*s - 3*a. Suppose 3*l - 3 = s*l. Give w(l).
9
Suppose 2*n = 4*n - 4. Let w be (21/6 - 2)/((-6)/(-8)). Let i(j) = 0*j**2 - j**w + 5*j + 2*j - 5*j. Give i(n).
0
Suppose -16 = -8*c + 6*c. Let i(g) = 7*g**3 - 9*g**2 - 14*g + 7. Let k(l) = 4*l**3 - 4*l**2 - 7*l + 4. Let d(u) = -3*i(u) + 5*k(u). Determine d(c).
-9
Let n(i) = i**3 + 5*i**2 + 4*i. Let j = 6 + 8. Suppose 6 = -5*h - j. Calculate n(h).
0
Let d(m) = -2*m**2 + 4*m + 1. Let a(o) = 2*o**3 - 21*o**2 + 9*o + 13. Let i be a(10). Determine d(i).
-5
Let q(g) be the third derivative of g**7/840 - g**6/36 - g**5/10 + g**4/12 + 23*g**3/6 + 33*g**2. Let p(l) be the first derivative of q(l). Calculate p(11).
-9
Let a be 14/(-3)*6/(-7). Let o(t) = t - t**2 - a*t - 2*t + 0 + 8. Give o(-6).
2
Let s(m) = 0 - 24 + 0*m**2 - m**2 - 5 + 15*m. Give s(12).
7
Let x = 1 + 0. Let f(g) = 3*g + 9. Let v(r) = 2*r + 5. Let q(o) = 3*f(o) - 5*v(o). Calculate q(x).
1
Let a be (-44)/(-6) - 6/(-9). Let u(y) = -4*y + 8. Let k(g) = 5*g - 9. Let b(f) = 7*k(f) + 9*u(f). What is b(a)?
1
Let h = 15 + 27. Suppose -3*q + 4*v = -q - h, v = -4*q + 102. Suppose 0 = -5*x + 10 - q. Let g(d) = -d**3 - 5*d**2 - 2*d. What is g(x)?
-12
Let c(n) = 5*n**2 + 6*n + 9. Let r(m) = 14*m**2 + 19*m + 28. Let i(y) = -11*c(y) + 4*r(y). Determine i(-8).
-3
Let x(v) = v**3 - 5*v**2 - 5*v + 2. Let s be -1 + 6/(-2 + 3). What is x(s)?
-23
Let o(w) be the third derivative of -w**5/60 - 3*w**4/8 - w**3 - 197*w**2. Determine o(-9).
-6
Let v(i) = -i**2 + 3*i + 23. Let n = 1196 + -1189. Give v(n).
-5
Let a(z) = -9*z + 13*z - 3*z - 3*z + 0*z - z**2 + 6. What is a(-5)?
-9
Let a(t) = t**2 + 4*t + 2. Let s be a(-3). Let g(i) = i**2. Let b be 2*1*15/6. Let h(u) = 4*u**2 + 2*u. Let m(f) = b*g(f) + s*h(f). What is m(1)?
-1
Let l(s) = s + 1. Let u(p) be the third derivative of -p**4/24 - p**3/6 - 2*p**2. Let c(y) = 6*l(y) + 5*u(y). Let j be 84/22 - (-14)/77. Calculate c(j).
5
Let s(f) = -f**3 - f**2 + 13*f + 3. Let b(c) = c**3 + 2*c**2 - 16*c - 4. Let q(o) = 5*b(o) + 6*s(o). Suppose -4*y + 1 = 3*j, -j - 3*y = 1 + 2. What is q(j)?
1
Suppose 4*d = d + 33. Let u = d + -2. Let q(f) = -u*f - 2*f + 9*f. Calculate q(-1).
2
Let k be -3*(-1)/(6/(-10)). Let l be -29*5/(-15) - 1/(-3). Let x(c) = -c + l - 12 + 0*c. What is x(k)?
3
Let y(g) be the third derivative of 20*g**2 + 1/8*g**4 + 0*g + 1/6*g**3 + 0 + 1/20*g**5. What is y(-2)?
7
Let r = -3 + 6. Suppose 0 = -r*c + 2*p - 6*p + 80, -5*c + 4*p + 112 = 0. Let o be c/(-21) + (-2)/(-14). Let a(k) = 7*k + 1. What is a(o)?
-6
Let l = 63 - 35. Suppose -4*c - 5*v - 43 = 0, l - 4 = -3*c - v. Let f(b) = -4 - 14*b + 4*b + 4*b + 5*b - 3. Determine f(c).
0
Suppose 4*a + 2 = -3*n + 57, 4*a + 5*n = 65. Let 